 38 and d?
38
Let p(x) = -16*x + 2. Let o be p(-4). Calculate the greatest common factor of 352 and o.
22
Suppose -2*y - 9 = -5*y. Suppose 2*b = -i + 44 + 117, i - 4*b = 185. Suppose -i = -8*g + 47. Calculate the highest common factor of g and y.
3
Let v = -1451 - -1478. What is the greatest common divisor of 144 and v?
9
Let t(m) = m**2 + 4*m - 3 - 5*m + m - 2*m. Let b = 3 + -5. Let i be t(b). Calculate the greatest common divisor of 45 and i.
5
Let s = 14 + -29. Let a be s/(-1)*1 - -3. Calculate the greatest common divisor of a and 12.
6
Let d(h) = -h**3 - 2*h + 6. Let p(i) = -i**3 - 7*i**2 - 5*i + 6. Let w be p(-6). Let f be d(w). Calculate the greatest common divisor of f and 12.
6
Suppose 0*t - 4 = 2*t. Let k be t/9 - 508/(-18). Let n = 50 - 43. Calculate the highest common factor of n and k.
7
Let c be ((-6)/4)/(15/(-10)). Let o be ((-22)/(-3))/((-28)/42). Let g = o + 13. What is the greatest common divisor of g and c?
1
Let x = 10 - 8. Suppose x*a = -13 + 119. Let p = a + 217. What is the greatest common divisor of 27 and p?
27
Let c(k) = -2*k**2 - 134*k + 316. Let j be c(-69). Let s be (12/(-10))/((-12)/160). Calculate the highest common factor of s and j.
8
Suppose 0 = 3*d + i - 63, 4*d - 92 = -2*i - 2*i. Let z be d/(-70) + (-93)/(-7). What is the greatest common factor of 26 and z?
13
Suppose -5*z + 81 - 1 = 0. Suppose 3*h + 3*d = 63, d = 5*h + 4*d - 95. What is the highest common factor of h and z?
16
Let p(n) = n + 10. Let l be p(-7). Suppose -l*b + 6*b = -3*g + 12, 0 = -3*g + 4*b - 9. Calculate the highest common divisor of 8 and g.
1
Suppose 0 = 71*j - 66*j - 4680. What is the highest common divisor of 104 and j?
104
Suppose 9042 = 62*h - 27414. What is the greatest common factor of 12 and h?
12
Let m(h) = h - 5. Let u = -26 + 34. Let c be m(u). What is the greatest common divisor of 1 and c?
1
Let v be 111 + 0/3*-1. Suppose -v + 33 = -2*k. Let q(m) = 2*m**3 - 2*m**2 + 4*m - 3. Let l be q(2). Calculate the greatest common factor of k and l.
13
Let n(o) = 25*o**3 + o. Let h be n(1). Suppose 4*p - 98 = -h. What is the greatest common factor of p and 126?
18
Let h(s) = 2*s**2 + 6*s - 5. Let j be h(-5). Suppose 17*c = j*c. Let o(l) = -l**2 + l + 11. Let i be o(c). Calculate the greatest common factor of i and 22.
11
Let c(d) = -443*d + 105. Let n be c(-8). What is the greatest common factor of 41 and n?
41
Suppose 3*b - 353 = 5*w, -5*b = w - 0*w - 635. Suppose 22*m = 16*m + b. What is the greatest common factor of 21 and m?
21
Let n be (459/2)/((-56)/(-112)). What is the greatest common factor of 34 and n?
17
Let y(w) = -w**3 + w + 5. Let n be y(0). Suppose -4*u - 2*f + 4 = -0, -3*u - n*f = -3. Let r be (3/9)/(u/18). Calculate the highest common factor of 4 and r.
2
Let h be 3 - (-5)/(-1) - -26. Suppose 6*b + 0 - h = 0. Suppose 207 + 93 = b*q. Calculate the highest common factor of 30 and q.
15
Suppose -17*j - 72 = -13*j. Let k = 35 + j. Calculate the greatest common divisor of k and 17.
17
Let f = 92 + -38. Suppose -f = -3*j - 0. What is the highest common divisor of j and 12?
6
Let p = -581 + 587. What is the greatest common divisor of 1782 and p?
6
Let a(p) = -5 - 8 + 15*p + 1 - 3. Let g be 20/8*(-42)/(-15). Let n be a(g). Calculate the greatest common divisor of 10 and n.
10
Suppose -6*i - 5*m + 55 = -i, 5*i = -4*m + 50. Calculate the greatest common divisor of 87 and i.
3
Suppose n - 34 = -3*b - b, 0 = 3*b + 4*n - 19. Suppose b*d = 2*d + 77. Calculate the highest common factor of d and 77.
11
Suppose -16*q + 5*k + 29 = -14*q, 4*k + 18 = -q. Calculate the greatest common divisor of q and 150.
2
Let n = -404 + 410. Calculate the highest common factor of n and 159.
3
Let o = 1558 - 627. What is the greatest common factor of 38 and o?
19
Let k(n) = -n**2 + 31*n - 10. Let v be k(29). What is the greatest common factor of v and 132?
12
Let u(h) = h**3 - h**2 + 4*h - 6. Let c be u(6). Suppose 7*p - 13*p = -108. Calculate the highest common factor of p and c.
18
Let h(l) = -12*l + 12. Suppose o + 3*n - 3 - 7 = 0, -3*n + 12 = 0. Let d be h(o). What is the highest common factor of 48 and d?
12
Let s(w) = 94*w**2 + 17*w + 20. Let v be s(-4). What is the greatest common divisor of 28 and v?
28
Let f be (6/10)/(7/35). Let r(d) = 3*d + 22*d**3 - 3*d + 22*d**f + 1. Let m be r(1). What is the highest common divisor of 18 and m?
9
Let j be 0*(-5)/10 - 0. Suppose t - 180 + 5 = j. Calculate the highest common divisor of t and 70.
35
Let l(o) = o**2 + 11*o - 5. Let p be l(-7). Let n = p - -47. What is the highest common divisor of n and 56?
14
Let j(v) = 8*v - 3. Let s be j(1). Suppose 36 = s*z - 34. What is the highest common factor of z and 14?
14
Suppose 0 = 2*a - 2*i - 11 + 65, 9 = 3*i. Let o be 1/(-4) - 6/a. Suppose -9*h + 6*h + 297 = o. What is the highest common factor of 11 and h?
11
Let m(y) = y**3 + 7*y**2 - 9*y + 5. Let z be m(-8). Let u be ((-2)/7)/((-2)/14). Suppose -u*a - 26 = -3*a. Calculate the highest common divisor of a and z.
13
Let s = 8 + -5. Let y(i) = -34*i - 1679. Let c be y(-50). Calculate the greatest common divisor of s and c.
3
Let n = -32 - -56. Suppose w + 9 = n. Suppose u + w = 35. Calculate the greatest common divisor of 20 and u.
20
Let q be 1209*((-2)/(-4))/((-42)/(-28)). Calculate the highest common divisor of q and 39.
13
Let k(m) = 38*m. Let c be k(5). Calculate the greatest common divisor of 5 and c.
5
Let s be 140/(-105)*90/(-4). Let i = 647 + -377. What is the greatest common divisor of i and s?
30
Suppose 0 = 6*m - 4*m - 6. Let x(o) = -o + 11. Let q be x(8). Calculate the greatest common factor of q and m.
3
Suppose -99*a + 104*a - 15 = 0. Let p = a + 13. What is the greatest common factor of 144 and p?
16
Let d(o) = o**2 + 6*o + 10. Let y be d(-8). Suppose 0 = -5*u - 2*b + 1436, -6*b + 10*b = 5*u - 1418. Calculate the highest common divisor of u and y.
26
Suppose 3*i + y - 16 = -4, -8 = -2*i + y. Suppose -j = g - 30 - 14, 0 = -i*g. What is the greatest common divisor of 33 and j?
11
Suppose -5*g + 17 = 77. Let b be g/8 - (-2)/(-4). Let w(v) = 21*v**2 - v - 1. Let l be w(b). Calculate the highest common factor of 17 and l.
17
Let a(j) be the third derivative of j**6/120 - j**5/15 - j**4/6 + 7*j**3/6 - 11*j**2. Let i be a(5). Calculate the greatest common divisor of 6 and i.
6
Let w = -239 - -487. Calculate the greatest common divisor of 279 and w.
31
Suppose 7378 = 20*m - 3*m. Calculate the greatest common divisor of m and 14.
14
Suppose 4*g = 4*n - 12, -4*g + 3*g + 6 = 2*n. Suppose 2*m - 4*m + 62 = g. What is the highest common factor of m and 155?
31
Let a = 28 + -25. Suppose -4*k + u = -56, 5*k - k = 2*u + 56. Suppose h + k = a*h. What is the greatest common divisor of 63 and h?
7
Let w = 7605 + -7590. Let z(l) = -l**3 + 5*l**2 - 1. Let h be z(4). Calculate the greatest common divisor of w and h.
15
Let d(a) = 2*a + 110. Let u = -16 - -31. Suppose k + 4*k = 2*m - u, 3*m = 4*k + 12. Let s be d(m). Calculate the highest common divisor of s and 10.
10
Let x(g) = g - 44. Let k be x(0). Let c = -33 - k. What is the highest common divisor of c and 121?
11
Suppose 143 = 2*a + 3. Let i = 10 - 7. Suppose -i*y + 11 = -19. What is the greatest common factor of y and a?
10
Suppose -5*p - 32 - 228 = 0. Let k = p - -55. Calculate the greatest common factor of 33 and k.
3
Let v be (-4)/(-3)*((-5985)/(-6))/7. What is the greatest common factor of 38 and v?
38
Suppose 0 = -3*q - 2*q + 40. Suppose 2*o = -3*w + 7*o + 12, 2*o + 16 = 4*w. Suppose 4 = -w*s, 2*u - 4*s - 4 = 4. What is the greatest common factor of u and q?
2
Suppose 4*k + 131 = 1031. Suppose -3*f - 3*l = -21 - 39, -4*l = 3*f - 55. Calculate the highest common divisor of f and k.
25
Suppose 3*f + 2*f - 280 = 0. Let c = -699 + 706. What is the greatest common divisor of c and f?
7
Suppose -4*g + g - 4*i + 54 = 0, 5*i = 2*g - 59. Suppose 4*r = -b + 126, -5*b + 657 = 3*r + 95. What is the highest common factor of b and g?
22
Suppose 0 = 3*x - 0*x + d - 113, 2*x + 4*d - 72 = 0. What is the highest common factor of x and 190?
38
Let h be (5 - 8 - -1*4)*-14. Let y be h*(2 + (-6)/(-4)*-2). Calculate the highest common divisor of 42 and y.
14
Suppose d - s = -0*d + 13, -s = 0. Let t be (26*1)/(19 + -17). What is the highest common factor of d and t?
13
Let c(a) = -